
9
Let x be 40 + -35 + (-3 - 12/3). Let n(y) = 4*y**2 + 16*y + 10. Determine n(x).
-6
Let j be -2 - (-8 + 0 + 0*(-5)/(-35)). Let k(c) be the first derivative of j*c - c**2 - 7/3*c**3 - 41 + 1/4*c**4. Give k(7).
-8
Suppose 4*v + 65 = 17*v. Let z(q) = v*q - q**2 + 5 + 7*q - 6*q. What is z(6)?
5
Let b(n) = 35*n**2 + 122*n - 21. Let a(t) = 6*t**2 + 25*t - 5. Let h(w) = -11*a(w) + 2*b(w). What is h(7)?
-8
Let g = 27 + 11. Let z = 40 - g. Let b(l) = 0*l + 1 - 3*l + 15*l**z - 14*l**2. Give b(4).
5
Let y(l) = 4*l**3 + 43*l**2 + 14*l + 28. Let u(a) = a**3 + 13*a**2 + 5*a + 9. Let x(o) = -7*u(o) + 2*y(o). What is x(6)?
-13
Let b be -1 + (-4 - -4 - 3). Let t(w) = w**2 + 6*w + 11. Let p be t(b). Let d(q) be the second derivative of -q**4/12 + q**3/6 + q**2 + 18*q. Determine d(p).
-4
Let i = 514 + -690. Let z = -178 - i. Let x(h) = -5*h**2 - 3*h - 3. What is x(z)?
-17
Suppose -3 = 6*x - 3*x, -2*x = k - 778. Suppose -5*b - k = 7*b. Let i = 55 + b. Let s(d) = d + 4. Give s(i).
-6
Let r be (-3 - 0)*(-3150)/(-54). Let v = r + 359. Let g(f) = f - 188*f**2 + v*f**2 - 3 + 3*f - 2*f + f**3. Calculate g(3).
-6
Suppose 9*j - 315 - 135 = 0. Let b(t) = -53*t + 4 + j*t + 4. Determine b(7).
-13
Let u(x) = 4*x**2 + 10*x - 1. Let s = 7736 - 7742. Determine u(s).
83
Suppose -368 = -6*w - 40*w. Let u(b) = -26*b - 19 + 10*b + 3 + w*b + 10*b. Determine u(12).
8
Let o(p) = 2*p**2 - 6*p + 3. Suppose 38*y - 41*y - 18 = 0. Let d = y + 4. Let n be (-7)/d*8/7. Give o(n).
11
Let q(s) = -6*s**3 - s**2 - 4*s + 1. Let r = -8316 - -8313. Give q(r).
166
Suppose 5*r + 2 = 12. Let b(d) = 1 - 3 + 9*d - 2*d**r + 3*d**2. Let g be (-108)/14 + -1 - ((-2235)/(-105) - 21). Give b(g).
-2
Suppose -10*d = -7*d. Suppose 5*l + 17 = -i - 19, d = 2*l - 5*i + 9. Let b(r) = -r**3 - 6*r**2 + 6*r - 7. What is b(l)?
0
Let k be 544/119 - (-3)/7. Suppose k*y + 3*m = -m - 3, 5 = -3*y - 4*m. Let v(i) = -i**2 + i - 1. Determine v(y).
-1
Let y = 602 - 615. Let o(t) = t**2 + 12*t + 1. What is o(y)?
14
Let j(r) = -r**3 - 27*r**2 - 25*r - 20. Let g be j(-26). Let w be g/(-14) + (-65)/(-91). Let a(q) = -q**3 + 5*q**2 - 6*q + 3. Give a(w).
-5
Let u(p) = 4*p**2 + p - 1. Let i(a) = 3*a**2 + 2*a - 2. Let f(g) = 6*i(g) - 5*u(g). Suppose -43*q + 870 = 131*q. Determine f(q).
-22
Let i = 305 + -302. Let a(h) = -3*h**2. Let x(v) = 10*v**2 + 7*v + 3. Let n(z) = i*a(z) + x(z). What is n(-6)?
-3
Let k(c) = -108*c**2 - c - 1. Let h(y) = 520*y**2 + 6*y + 5. Let m(n) = -h(n) - 5*k(n). Let b be -1*(0 + (1 - 2)). Give m(b).
19
Let r(u) be the third derivative of 19*u**4/24 - 347*u**3/6 - 2215*u**2. What is r(18)?
-5
Let a(o) be the first derivative of -5*o**4/12 - o**3/6 + 82*o - 133. Let b(u) be the first derivative of a(u). Determine b(1).
-6
Let r(p) = 8*p + 262. Let y(v) = -2*v**3 - 16*v**2 + 45*v + 210. Let h be y(-9). What is r(h)?
-2
Let z(c) be the second derivative of -c**5/20 - 17*c**4/12 - 7*c**3/3 + 16*c**2 - 2*c - 130. What is z(-16)?
0
Suppose -4*q = -5*l + 59, 0*l - 5*l = -q - 56. Let n(r) = 13*r - r**2 + 0*r**2 - l*r. Let t be -1 - -2 - (-3 - 0). Give n(t).
-8
Let t(x) be the first derivative of -x**3/3 - 9*x**2/2 - 3*x - 1049. Determine t(-9).
-3
Suppose 2*n - 11 = -b, 3*b + 0 - 8 = -n. Let a(l) = 24*l - 32. Calculate a(b).
-8
Let y(l) = -l**3 - l**2 + 4*l + 5. Suppose -5*x + 130 = 140. Give y(x).
1
Let n(i) = i**2 + 13*i + 1. Let t = 148 + -144. Suppose j - 4 = 0, -l = -t*l - 2*j - 31. Give n(l).
1
Let h(u) be the third derivative of -u**6/120 + 31*u**5/60 + 17*u**4/6 - 34*u**3/3 - 221*u**2. Give h(33).
-2
Let b(l) = l**3 - 6*l**2 + 6*l + 9. Let s(k) = -k**3 - 13*k**2 - 26*k - 38. Let t be s(-11). What is b(t)?
45
Let q(o) = -183*o - 9 - 19*o**2 + 41*o**2 + 185*o - 21*o**2. Give q(0).
-9
Let g(f) be the third derivative of -f**5/60 - f**4/3 - f**3 + 20*f**2. Suppose l + z = 9, -5*l - 3*z + z = -42. Suppose 1 = c + l. Calculate g(c).
1
Let r(v) = -v**2 - v + 1. Let l be (-113 - -114)/(2/(-10) - 0). Let g(h) = -h**2 - 20*h - 75. Let f be g(l). Determine r(f).
1
Let f(s) be the second derivative of -5*s**2 + 0 + 20*s - 1/3*s**3. Suppose -5*c - 2*g = g + 40, 0 = -3*c - 5*g - 24. What is f(c)?
6
Let v(b) be the second derivative of b**4/12 - 3*b**2 + b. Suppose -30*l = 28*l - 53*l. Give v(l).
-6
Let i be (-6 - -10) + (-2 - 0). Let r(y) = -10*y**i + 12*y + 14 - y + 8*y**2 + y**2. What is r(12)?
2
Let z be ((-23)/(-115) + 2138/10)/(-1). Let w = -210 - z. Let j(y) = -3*y**2 - 45*y - 4 + y**3 + 0 + 52*y - 2*y**2. Determine j(w).
8
Let a(x) = x**2 - 19*x - 28. Let w be (-250)/(-12) - (-380)/(-456). Determine a(w).
-8
Let x(w) = -22*w**2 + 135*w - 14. Let m = -262 + 268. Let l be x(m). Let y(v) = -v**3 + 4*v**2 + v - 3. Give y(l).
1
Let m(o) = -o**3 - 9*o**2 + 3*o + 81. Let u be m(-9). Let l(r) = 10 + 48*r - 9 - u*r. What is l(1)?
-5
Suppose 0 = -33*w + 7 + 26. Let q(i) = 14*i**3 + 2*i**2 - 4. Let v(r) = 15*r**3 + 2*r**2 - 3. Let g(h) = -2*q(h) + 3*v(h). Give g(w).
18
Let u(g) = -22*g + 256. Suppose -4*n - 14 = -2*o, n + 137 = -o + 150. Give u(o).
14
Let q(v) = -4*v - 1. Suppose 3*j - 13 = -2*c, 19 = 5*c - 3*j - 3. Suppose 0 = -c*t - 0*t - 75. Let r be (-3)/t*(-7 + 2). Determine q(r).
3
Let v be 2/108*-6*9. Let s(q) = -33*q**3 + q**2 - q - 1. What is s(v)?
34
Let b(i) = -180*i - 171*i + 352*i - 1. Suppose -v = 7 - 2. Let y(w) = -6*w + 3. Let k(z) = v*b(z) - y(z). Determine k(-4).
-2
Let o(y) = y**3 + y**2 - 7. Let w be o(0). Let l(k) = -40*k - 641 + 647 + 95*k + k**2 - 49*k. Give l(w).
13
Let n(s) = s**2 + 10*s + 5. Let g = 67 + -52. Suppose 23 = -2*h - 3*a, 0 = 3*a + 2*a + g. Determine n(h).
-16
Let a(y) be the second derivative of -17*y**3/6 - 3*y**2/2 + y. Let x = -18368 - -18366. Give a(x).
31
Let l = -100 - -93. Let s be 23/l - 6/(-21). Let t be s*1/3*(7 - 2). Let z(j) = j + 5. Calculate z(t).
0
Let n = 12067 - 12053. Let y(a) = a**3 - 12*a**2 - 27*a - 12. Calculate y(n).
2
Let y be ((-2)/(-4))/((-7)/(-70)) - 0. Let u(o) = 37*o**2 + y + 22*o**2 - 5*o - 58*o**2. What is u(4)?
1
Let p(v) = 79*v + 34. Let y(m) = -36*m - 16. Let w(u) = 5*p(u) + 11*y(u). Give w(13).
-19
Let z(h) = h**3 - 6*h**2 + 4*h. Suppose 31*c + 600 + 4236 = 0. Let o = c + 162. Calculate z(o).
24
Let y(n) = 9*n - 32. Let g(r) = -2*r**3 - 16*r**2 + r + 4. Let m be g(-8). Let c(p) = 5*p - 16. Let s(k) = m*y(k) + 7*c(k). Calculate s(8).
8
Let f(a) = -4*a**2 + a. Let m(k) = 2*k**2 - 155*k - 156*k + 315*k + 2 - k**3. Let t be m(-1). Give f(t).
-3
Let j(k) = -19*k + 118. Let a be j(4). Let b be (a/(-28))/((-3)/4). Let g(y) = y + 1. Calculate g(b).
3
Suppose 392*f + 1204 = 24*f - 234*f. Let h(g) be the third derivative of -g**4/24 - 2*g**3/3 + g**2. Calculate h(f).
-2
Let x = -36 + 36. Let s(j) = j**2 + 7. Let o be s(x). Let a(t) = -2*t**2 + 14*t. Let z be a(o). Let p(w) = -w - 7. Determine p(z).
-7
Let n(k) = 33*k**2 + 1. Suppose 0 = -5*o + 24*o + 9424. Let l = 495 + o. What is n(l)?
34
Let h be 222/(-9) + 12/18. Let k = -22 - h. Let m(y) = -1 + 2*y + y - 4*y + y**3 - y**k - y. Give m(-2).
-9
Suppose -115*b + 456 = -112*b. Let p(z) = -b*z + 153*z + 8 - 1. What is p(-9)?
-2
Let g(u) = -8*u**2 + 1. Let i be (-6)/(-4)*(-28)/(-42). Calculate g(i).
-7
Let n(j) be the third derivative of -7*j**4/12 + 9*j**3/2 + 7*j**2 + 294. Calculate n(3).
-15
Let k(n) = 5*n + 6 - 5*n - 5*n - n**2. Let s(r) = r**3 + 17*r**2 - 61*r - 38. Let f be s(-20). Let t be (9/f)/((-2)/(-24)). Give k(t).
0
Let y(t) = t**3 + 8*t**2 + 5*t - 15. Suppose -20*q - 11 = 2*n - 23*q, -4*n = -q + 27. What is y(n)?
-1
Let b(a) be the first derivative of -2*a**3/3 - 2*a**2 + a + 1082. What is b(4)?
-47
Let v(q) = -q**3 + 9*q**2 - 9*q + 9. Let w = -2354 - -2362. Calculate v(w).
1
Let y(r) be the second derivative of 1/2*r**2 - 2/3*r**3 - 54*r + 0. Calculate y(-5).
21
Suppose 811*b - 1764 = 727*b. Let i(v) = -v**2 + 21*v + 3. Determine i(b).
3
Let y be 203/(-112)*-8 - 4/8. Let p(a) = 2*a + 8. What is p(y)?
36
Let c(r) = 4*r**3 - 2*r**2 - 2*r - 1. Suppose 0 = -a + 4*a + 9. Let h be (-12)/6*1*(1 + a). Suppose 4*u = 2*m - 3*m - 21, 4*m + h*u + 24 = 0. What is c(m)?
-5
Let y(t) be the first derivative of 7*t**2/2 - 4*t + 38225. Suppose -5*n + 8 = -7. Calculate y(n).
17
Let z be ((-1 + 1)/1)/(-3 + 5). Let u be (-2)/2 - (-7 - (-2 + z)). Let w(x) = x. Calculate w(u).
4
Let x be (-456)/(-30) + 1/10*-2. Suppose 0 